6*q**2 - 6*q + 88. Let n(v) = 3*v**2 + 54*v + 41. Let o be n(-17). What are the prime factors of j(o)?
2, 11, 17
Suppose t - 3*z = -15032 + 42607, 5*t + 4*z = 137913. List the prime factors of t.
27581
Let l be ((-18)/315*10)/(2/7). Let t(s) = -199*s - 1. List the prime factors of t(l).
397
Let f = -5837 + 15434. What are the prime factors of f?
3, 7, 457
Let h(n) = n**3 - 19*n**2 - 65*n + 27. Let a be h(20). Let r = a + 2220. What are the prime factors of r?
3, 449
Let a be (5 - -5)/(-1 - 1017/(-1014)). Suppose 5*z + 0*n = 5*n + a, 1340 = 2*z + 4*n. List the prime factors of z.
2, 337
Suppose -24*v = 71*v + 13*v - 1417068. What are the prime factors of v?
13121
Suppose -11*y + 117 = -12*y. Let f = -37 - y. Suppose f + 86 = 2*q. What are the prime factors of q?
83
Suppose 53 = 9*g - 64. Suppose -4*y + g = 1. Suppose -2*u - 5*q = -y*q - 172, 2*q = 3*u - 268. What are the prime factors of u?
2, 11
Suppose -j - 2*i = -2070, -2*j = -21*i + 23*i - 4152. What are the prime factors of j?
2, 3, 347
Let f(l) = l**3 - 7*l**2 + 11*l - 4. Let h be f(5). Let c be h*61*(-3 - -27). Suppose -c = 7*t - 19*t. List the prime factors of t.
2, 61
Suppose -h + 10 = -3*t - t, -2*t + 4 = 4*h. Let b(x) = -170*x + 15. What are the prime factors of b(t)?
5, 71
Let s = -47071 - -88397. What are the prime factors of s?
2, 20663
Let a be (-29)/203 - 2/(-14) - 30. What are the prime factors of 307 + -1 + (-10)/a*-3?
5, 61
Let n = -191 + 195. Suppose 5*i - 3316 = -2*q, n*i + i - 5*q = 3295. What are the prime factors of i?
2, 331
Let l(q) = -q**3 + q**2 + q + 5. Let m = 47 + -47. Let j be l(m). Suppose -k = -j*k - 4, 117 = 2*y + k. What are the prime factors of y?
59
Let a = 8985 + -1207. List the prime factors of a.
2, 3889
Let h = -865 - -863. Suppose 5*b + 0*t - t - 295 = 0, t - 285 = -5*b. Let k = h + b. List the prime factors of k.
2, 7
Let p(o) = 14*o**2 - 38*o + 8. Let y be p(5). Let l = 491 - y. What are the prime factors of l?
17, 19
Suppose -j + 210 = -108. Suppose 2*s - j = -r, s - r - 152 = 2*r. Suppose 3*m - s = m. What are the prime factors of m?
79
Let g be -603 + (60/(-18))/((-4)/(-6)). Let f = g + 1015. List the prime factors of f.
11, 37
Suppose -3*g - g + 40 = 0. Suppose -289*o = -286*o + 6. List the prime factors of 1/o + 555/g.
5, 11
Let y = -2003 + 13760. List the prime factors of y.
3, 3919
Let s = 999 - 637. Suppose 4*u - 20 + 0 = 0. Suppose s = u*o - 323. List the prime factors of o.
137
Suppose 5*y - 7 = -2*w, 2*w + 1 = -7. Suppose -y*j + 4*o = 49, j + 4*o - 7 = -34. List the prime factors of (j/3 + 5)*(-222)/4.
2, 37
Suppose k = 3, k = -c + 1 + 5. Suppose -y = -5*u - 176 - 274, -c*y = 3*u + 288. Let a = u - -206. List the prime factors of a.
5, 23
List the prime factors of 535908/119 + (-8)/(-14).
2, 563
Let w(a) = 76*a**2 + 40*a - 384. What are the prime factors of w(8)?
2, 3, 5
Suppose 2*w + 869 = 2*s - w, -4*w = -3*s + 1301. Let i be s/21 - 16/12. Suppose i*j - 8*j = 913. What are the prime factors of j?
83
Let y(h) = h**2 - 14*h - 12. Let s be y(15). Suppose -3*r - s*r = -24. Let t = 39 - r. What are the prime factors of t?
5, 7
Suppose 0 = -2*k - 4*h - 12, 2*k + 2*h - 3*h = 13. Suppose -22*s - 2*l = -21*s - 590, 2360 = k*s + 4*l. What are the prime factors of s?
2, 5, 59
What are the prime factors of -171*(15 - 1384/(-8))*1/(-2)?
2, 3, 19, 47
Suppose 3*z = 13*z - 110. Suppose -z*t = -6*t - 1050. Let f = t + -85. What are the prime factors of f?
5
Let p be 6 + -15 - -6 - (-1 + -18). Suppose 2*l - 5*a = 277, 0 = -2*l - a + 2*a + 273. Suppose p*v - 14*v = l. What are the prime factors of v?
2, 17
List the prime factors of (-3 + 10 + 84882/(-7))/(-1).
12119
Suppose 764 = -5*k - 5*w + 1919, k - 5*w - 243 = 0. Suppose -r = -2*d - 114, -2*r = -4*d - d - k. What are the prime factors of (-2)/(-13) - (-22552)/r?
7, 31
Let x(z) = 12*z - 75. Let p be x(6). Let m(b) = -12*b**3 + 6*b**2 + 9*b + 5. What are the prime factors of m(p)?
2, 89
Let g(s) = 4*s**2 - 92*s - 12. Let v be g(23). List the prime factors of (v/10)/((-66)/28160).
2
Let t = -80 + 80. Suppose 7*i - 172 - 3454 = t. What are the prime factors of i?
2, 7, 37
Let j(l) = -5294*l + 2969. List the prime factors of j(-9).
5, 53, 191
Let s = 822 - 714. Let w = 1 - -1. Suppose 0 = -o - w*o + s. List the prime factors of o.
2, 3
Let k(x) be the first derivative of -2*x**3/3 - 10*x**2 - 3*x + 10. Let i be k(-10). What are the prime factors of i + (1*32 - (-8 + 6))?
31
Let h(x) = 11*x + 205. Suppose 4*m + q = -m + 237, -4*q + 8 = 0. List the prime factors of h(m).
2, 19
Suppose 5*f - 109 = -2*u, -2*f + 118 = 3*f - u. Suppose -f*z = -748 - 5623. List the prime factors of z.
277
Let y = -35 + 39. Suppose 0 = -2*j + y, 3*b = 2*j - j - 8. Let d(k) = 2*k**2 - 3*k - 2. What are the prime factors of d(b)?
2, 3
Suppose 0 = -3*p + 4*p - 5*l - 1424, 5*p + 5*l - 7030 = 0. Let b = p - 859. What are the prime factors of b?
2, 5, 11
Suppose 76 = 2*n - 2*w, -4*n - 2*w + 221 - 75 = 0. Let g(u) = -14*u - 4. Let v be g(-3). Suppose n*i = v*i - 72. List the prime factors of i.
2, 3
What are the prime factors of (52 + 1)*(8 + 57 + 16)?
3, 53
Let s(u) = 30*u**2 - 131*u - 5013. What are the prime factors of s(-29)?
2, 19, 79
Let h(j) = -3*j**2 - 12*j - 54. Let f be h(-8). What are the prime factors of f/(-60)*(-1 + 37)?
2, 3, 5
Let l = 1016 + -407. Suppose 2529 = 16*k + l. What are the prime factors of k?
2, 3, 5
Let h(o) = 51*o - 172. Let p be h(24). Let w = 1737 - p. What are the prime factors of w?
5, 137
What are the prime factors of 160/50*10/4 + 50544 + 1?
3, 41, 137
Let d(p) be the second derivative of 17*p**3/6 + 33*p**2/2 + 3*p. Let y be d(5). Suppose -s - 3*i - 8 = -27, 4*s = 2*i + y. What are the prime factors of s?
2, 7
Let m(o) = 90*o**2 - 3*o - 6. Let a be m(2). Suppose 263*l = 257*l + a. What are the prime factors of l?
2, 29
Let b = 13 - 10. What are the prime factors of b/(-2)*2224/(-12)?
2, 139
Suppose 2*h - n = 6451 + 5255, -5*n + 17585 = 3*h. List the prime factors of h.
5, 1171
Suppose -2*y = -5*w - 41, -y + 5*w - 71 = -3*y. Let d be (y/(-42))/(409/204 + -2). Let x = d + 333. What are the prime factors of x?
197
Let r = -20107 - -40998. List the prime factors of r.
13, 1607
Suppose 22895 = 1153*w - 1148*w - 5*s, 0 = s - 6. What are the prime factors of w?
5, 7, 131
Let q be 28 + (12/4 - 7). Let b be (-8)/(-2)*(-3)/(q/(-10)). List the prime factors of (2/b)/1*(273 + 2).
2, 5, 11
Suppose -8*x + 9*x - 23 = 0. Suppose 0 = -w + 31 - x. Suppose -86 + 366 = w*c. What are the prime factors of c?
5, 7
Let v be (-1 + 1)*(-2)/(-4). Let f = -7 - -22. Suppose 178 = s - 2*k, v = s + 4*k - f - 187. What are the prime factors of s?
2, 3, 31
Suppose -16*q = -10*q - 696. Suppose -5*g + g - 400 = 0. Let x = g + q. List the prime factors of x.
2
Suppose r = 5*i - 86449, -i + r + 18608 = 1315. List the prime factors of i.
3, 17, 113
Let u be ((-130)/(-15))/((-2)/(-771)). Suppose 119*y = 106*y + u. List the prime factors of y.
257
Suppose -2*b + 131 = -5*s + 28, 0 = -3*b + 4*s + 172. Let r = b - 70. What are the prime factors of (-105)/r - (-1 + (-3)/(-6))?
2, 3
Let o = 4287 + -1458. What are the prime factors of o?
3, 23, 41
What are the prime factors of 5563*(14 + -14 - -1)?
5563
Let g be (-1 + (-8)/(-20) - -1)*20. Suppose -4*s = g*s - 60. Suppose 377 + 84 = s*b + q, -q - 183 = -2*b. What are the prime factors of b?
2, 23
Let p = 9607 + -1551. What are the prime factors of p?
2, 19, 53
Suppose -15*d + 43628 = -13*d + 4*l, -43632 = -2*d - 2*l. What are the prime factors of d?
2, 10909
Let s = 209 + -163. Suppose -s*o + 32*o = -336. List the prime factors of o.
2, 3
Let y(v) = 3*v + 155. Let g(j) = 2*j. Let n be g(-9). Let i be (-2)/(-4)*(18 + n). What are the prime factors of y(i)?
5, 31
Suppose -9*f - 12141 = 4149. Let l = 2794 + f. What are the prime factors of l?
2, 3, 41
Let f = -10378 - -31644. List the prime factors of f.
2, 7, 31
Let w(v) = 8*v + 16. Let d(p) = 23*p + 49. Let j(y) = 2*d(y) - 7*w(y). List the prime factors of j(-6).
2, 23
Suppose 4 = -2*m + 6. Let l(n) = -16*n - 2. Let r be l(m). List the prime factors of (r/5 - (-18)/9)*-100.
2, 5
Suppose 0 = -9*u - 1 + 37. What are the prime factors of (-49)/(-3 - u) + 954?
31
Let j = -120 - -386. Let f = j - 14. What are the prime factors of f?
2, 3, 7
Suppose